ds digit of 11980055?
9
What is the hundred thousands digit of 771213?
7
What is the millions digit of 6370369?
6
What is the hundreds digit of 200191?
1
What is the ten millions digit of 10417242?
1
What is the ten thousands digit of 1389822?
8
What is the ten thousands digit of 6720341?
2
What is the thousands digit of 313065?
3
What is the hundred thousands digit of 4516756?
5
What is the ten thousands digit of 311599?
1
What is the hundreds digit of 1922074?
0
What is the thousands digit of 244601?
4
What is the units digit of 13704654?
4
What is the tens digit of 2239076?
7
What is the tens digit of 1441442?
4
What is the tens digit of 20388787?
8
What is the hundreds digit of 19639?
6
What is the ten thousands digit of 2780240?
8
What is the hundreds digit of 131301?
3
What is the hundred thousands digit of 9425095?
4
What is the tens digit of 859734?
3
What is the hundred thousands digit of 15978751?
9
What is the tens digit of 327308?
0
What is the hundred thousands digit of 244271?
2
What is the ten thousands digit of 32044?
3
What is the millions digit of 1070512?
1
What is the hundreds digit of 21430568?
5
What is the hundred thousands digit of 2888898?
8
What is the hundred thousands digit of 17521236?
5
What is the units digit of 83909?
9
What is the tens digit of 2730880?
8
What is the hundred thousands digit of 160733?
1
What is the thousands digit of 4645719?
5
What is the hundreds digit of 497220?
2
What is the thousands digit of 2747894?
7
What is the millions digit of 9314657?
9
What is the tens digit of 736054?
5
What is the ten thousands digit of 307621?
0
What is the tens digit of 1649503?
0
What is the millions digit of 12278297?
2
What is the thousands digit of 6433801?
3
What is the tens digit of 23152896?
9
What is the ten thousands digit of 2651219?
5
What is the thousands digit of 955115?
5
What is the units digit of 280564?
4
What is the units digit of 194423?
3
What is the thousands digit of 2619582?
9
What is the hundred thousands digit of 5036734?
0
What is the units digit of 188673?
3
What is the ten thousands digit of 95929?
9
What is the millions digit of 4629832?
4
What is the millions digit of 4479487?
4
What is the hundred thousands digit of 2532136?
5
What is the tens digit of 409502?
0
What is the hundred thousands digit of 4029000?
0
What is the tens digit of 339015?
1
What is the tens digit of 2759607?
0
What is the tens digit of 3180609?
0
What is the units digit of 883051?
1
What is the hundred thousands digit of 7125852?
1
What is the hundred thousands digit of 4939234?
9
What is the hundreds digit of 172335?
3
What is the millions digit of 1133049?
1
What is the units digit of 3697712?
2
What is the ten thousands digit of 3793359?
9
What is the thousands digit of 936019?
6
What is the ten thousands digit of 19393763?
9
What is the hundreds digit of 1148231?
2
What is the ten millions digit of 39562208?
3
What is the units digit of 3142539?
9
What is the ten thousands digit of 5137215?
3
What is the hundreds digit of 91018?
0
What is the hundreds digit of 38064?
0
What is the units digit of 1837745?
5
What is the hundreds digit of 894150?
1
What is the hundred thousands digit of 329870?
3
What is the units digit of 361111?
1
What is the hundreds digit of 96836?
8
What is the units digit of 2582520?
0
What is the hundreds digit of 1006585?
5
What is the hundreds digit of 576872?
8
What is the hundred thousands digit of 269659?
2
What is the units digit of 704394?
4
What is the hundreds digit of 1325482?
4
What is the hundreds digit of 1124409?
4
What is the hundreds digit of 112283?
2
What is the ten thousands digit of 53869?
5
What is the units digit of 3411051?
1
What is the hundred thousands digit of 226824?
2
What is the hundred thousands digit of 275689?
2
What is the ten thousands digit of 223290?
2
What is the ten thousands digit of 306219?
0
What is the hundred thousands digit of 258499?
2
What is the ten thousands digit of 12512626?
1
What is the hundred thousands digit of 592795?
5
What is the thousands digit of 662580?
2
What is the tens digit of 5973722?
2
What is the ten thousands digit of 209258?
0
What is the units digit of 719849?
9
What is the tens digit of 558842?
4
What is the thousands digit of 10151729?
1
What is the ten thousands digit of 1641505?
4
What is the units digit of 1911694?
4
What is the hundred thousands digit of 3173444?
1
What is the tens digit of 1594799?
9
What is the ten thousands digit of 5925897?
2
What is the tens digit of 2550247?
4
What is the tens digit of 359503?
0
What is the units digit of 19362369?
9
What is the units digit of 3673717?
7
What is the tens digit of 22102?
0
What is the hundreds digit of 38817?
8
What is the millions digit of 10593312?
0
What is the tens digit of 896024?
2
What is the hundreds digit of 26929216?
2
What is the tens digit of 548880?
8
What is the hundred thousands digit of 1497156?
4
What is the thousands digit of 17772065?
2
What is the hundred thousands digit of 313796?
3
What is the tens digit of 732872?
7
What is the thousands digit of 6216387?
6
What is the hundreds digit of 59586?
5
What is the tens digit of 14855852?
5
What is the hundred thousands digit of 7847327?
8
What is the thousands digit of 413336?
3
What is the hundred thousands digit of 4858017?
8
What is the thousands digit of 8355713?
5
What is the hundreds digit of 307418?
4
What is the units digit of 1152931?
1
What is the hundreds digit of 1500660?
6
What is the units digit of 2313974?
4
What is the tens digit of 10584530?
3
What is the hundred thousands digit of 980170?
9
What is the millions digit of 1215692?
1
What is the ten thousands digit of 6567108?
6
What is the hundreds digit of 523449?
4
What is the tens digit of 3276929?
2
What is the units digit of 28364319?
9
What is the ten thousands digit of 370658?
7
What is the hundreds digit of 7666526?
5
What is the thousands digit of 31425?
1
What is the units digit of 8796707?
7
What is the thousands digit of 583965?
3
What is the millions digit of 12687006?
2
What is the units digit of 39433?
3
What is the units digit of 115374?
4
What is the tens digit of 6381687?
8
What is the hundreds digit of 505454?
4
What is the tens digit of 1552535?
3
What is the tens digit of 88858?
5
What is the thousands digit of 2370649?
0
What is the units digit of 12305930?
0
What is the hundreds digit of 534921?
9
What is the hundred thousands digit of 3121600?
1
What is the hundreds digit of 601225?
2
What is the tens digit of 1309726?
2
What is the hundreds digit of 24007?
0
What is the tens digit of 13291312?
1
What is the units digit of 1917585?
5
What is the tens digit of 266271?
7
What is the hundreds digit of 5486349?
3
What is the thousands digit of 248161?
8
What is the hundred thousands digit of 1963115?
9
What is the units digit of 7591684?
4
What is the hundreds digit of 2430501?
5
What is the units digit of 269211?
1
What is the hundred thousands digit of 297216?
2
What is the hundreds digit of 1418029?
0
What is the hundreds digit of 124746?
7
What is the tens digit of 310179?
7
What is the tens digit of 205785?
8
What is the hundred thousands digit of 616619?
6
What is the ten thousands digit of 1755367?
5
What is the hundreds digit of 1144854?
8
What is the ten thousands digit of 234560?
3
What is the hundreds digit of 14332306?
3
What is the ten thousands digit of 428560?
2
What is the units digit of 1022598?
8
What is the hundred thousands digit of 414895?
4
What is the hundreds digit of 139835?
8
What is the tens digit of 80906?
0
What is the hundred thousands digit of 315206?
3
What is the ten thousands digit of 409731?
0
What is the ten thousands digit of 21051?
2
What is the millions digit of 4325631?
4
What is the tens digit of 1630686?
8
What is the tens digit of 216938?
3
What is the ten thousands digit of 286716?
8
What is the ten millions digit of 19382148?
1
What is the thousands digit of 255756?
5
What is the tens digit of 5963257?
5
What is the ten thousands digit of 1240622?
4
What is the tens digit of 132286?
8
What is the ten thousands digit of 664407?
6
What is the millions digit of 5310150?
5
What is the tens digit of 1257634?
3
What is the millions digit of 18255893?
8
What i